 + -1 + 0
1
What is the value of 10 + -3 + 23 + -42 - (-38 + 0)?
26
What is the value of (112 - 71) + 1 + -22?
20
Evaluate 26 - ((-18 - -72) + -39).
11
What is the value of 23 + -53 + 37 - (10 + -1)?
-2
-15 + 1 + 6 - (-8 + -2)
2
Calculate -67 + 50 - (0 - 19).
2
Evaluate 14 + -42 - (4 + -58).
26
Calculate 60 + (-13 - 29) + 12.
30
Calculate -34 + 25 + (6 - 1).
-4
What is 5 + (13 - -27 - 33)?
12
Calculate 13 + -2 + 0 + -570 + 568.
9
14 + (-13 - 2) - (-1 + 0 - 4)
4
What is the value of (-1 - -3) + 9 - (-51 + 40)?
22
What is -6 - ((-2 - -3) + (-11 - -6 - -4))?
-6
What is the value of -9 - (15 + -55 - -13)?
18
-16 - (-10 + (-5 - -4) + (12 - 6))
-11
Evaluate 10 + -101 + 100 + (2 - -3) + 1.
15
Calculate 14 - ((18 - 9) + (-1 - (4 + -2))).
8
What is the value of -13 + -1 + (75 - 66)?
-5
What is 9 + 0 - (254 + -254 - (-1 - 36))?
-28
What is the value of -3 - (0 + 6 + -13 - -2) - 34?
-32
What is (7 - ((-6 - -1) + 9)) + -6?
-3
What is the value of 4 + -15 + -2 + 12?
-1
-11 - (13 - 11) - -1
-12
What is 1 + 78 + -75 + (0 - 20)?
-16
What is 4 + 2 - (21 - (-13 + 39))?
11
What is (823 - 766) + -2 + -37?
18
19 - 28 - (10 + -3 + 3)
-19
What is the value of (1 - 2 - 10) + -63 + 44?
-30
What is 1 + 5 + 312 + -309?
9
What is -6 - (0 + -19 + 6) - 23?
-16
Calculate 3 - -17 - 14 - (28 - -5 - -2).
-29
Evaluate 13 + (-5 + 15 - 22).
1
Evaluate -39 + 50 + -20 + 16.
7
What is 19 - 3 - (-1 + -3 + 12 + -2)?
10
What is the value of 15 - ((-7 - -9) + -7 - -12)?
8
What is the value of -5 + 4 + (0 - -7) - 17?
-11
What is the value of (6 + -4 - 28) + 3 - (-23 - -21)?
-21
Calculate 17 - (9 + -2 + 0) - 29.
-19
What is the value of (7 - 6) + (-2 - -1) + 4?
4
What is (12 - 13) + 14 - -7?
20
What is the value of -1 - 5 - ((-10 - -4) + -18)?
18
Calculate (4 - 0) + 24 + -35 + 5 + 9.
7
Evaluate (-27 - -39) + -21 + (28 - 1).
18
What is (-6 + -7 - -8 - 7) + 1?
-11
Evaluate 4 - (15 + -23 + 3 + 10).
-1
(-5 - (3 + -6)) + -5 + 4 - -5
2
What is the value of -757 + 778 + (-1 - (1 + 8))?
11
Evaluate -14 + -1 - (-7 - -9 - (-3 + 6)).
-14
-15 - (-21 + 15 + -11) - (0 + -5)
7
Calculate 17 + 0 - (-505 - -516).
6
Calculate -3 + (-8 - -5 - -7) + (0 - 0).
1
What is the value of 186 + -179 - (-2 + 1)?
8
What is (1 + -3 - (49 + -52)) + (3 - 1)?
3
What is the value of 89 - 67 - (-1 + (1 - -1))?
21
(-63 - (-50 + 23)) + 14 + 0
-22
What is the value of 16 + (-4 - -10) + -22?
0
What is -1 - (-13 - (-17 - -8))?
3
What is -8 + 0 + 8 + 5 + -14 + 8?
-1
What is (-13 - (9 - 11)) + 3 + 26?
18
Calculate -33 - -24 - (0 - 8 - -1).
-2
What is 9 - (32 + 2 + -10 + 10 + -13)?
-12
(12 - 20) + 2 + -3 + 1
-8
What is the value of (-51 - (-44 - 2)) + -12?
-17
Evaluate (6 - 1) + (-1 - (-1 - -7)) + 2.
0
What is -46 - (-6 - (-7 - -8) - 9)?
-30
-1 + (5 + 4 - 14) + 6
0
What is the value of (-1 - -8) + 6 + 7 + -10?
10
What is the value of 6 + -9 - (46 - 39)?
-10
What is the value of (-37 - -55) + -31 + -20?
-33
(2 - ((8 - 14) + 10 + -3)) + 5
6
Evaluate -4 + (0 - (-3 - -3)) - (15 - 11).
-8
(-1 - 6 - (6 - 9)) + 4 - -1
1
(13 - -11) + (4 - (9 + -6 + -1))
26
What is the value of -5 + -1 + -23 + (17 - -8)?
-4
What is the value of 21 - (31 + -15 - -14)?
-9
What is -218 + 171 + 13 + 3?
-31
-2 - (8 + -9 + 10 + 2 + -23)
10
Calculate 17 - ((0 - 0) + -22 + 31).
8
What is 7 + (-15 - (2 + (-1 - 2))) - 2?
-9
(-1037 - -1028) + -2 + (2 - 1) + 1
-9
What is the value of (10 - 18) + 7 - 2 - 18?
-21
Calculate -662 - -662 - (14 - -1).
-15
Calculate (0 - -15) + 8 + 16 + -51.
-12
Evaluate 19 + (4 - 5 - -2) + (-6 - -3).
17
What is the value of -8 + (-9 + -6 - 15) + 15?
-23
Evaluate (-1 - -2) + 3 + -5 - -7.
6
14 - (-6 - 1 - -9 - 0 - 11)
23
-5 + (-7 - -2) + -1 + (6 - 1)
-6
What is the value of -27 - (-5 - -2 - 39)?
15
What is the value of 2 - (28 + -12 - 12)?
-2
What is the value of 1 - (-23 + 41 + -8)?
-9
4 - ((4 + -9 - 4) + 21 + -14)
6
Evaluate -18 + 9 + 11 + -7.
-5
What is the value of 16 - (-21 - -50) - -24?
11
What is the value of -6 - (2 + 3 + -2 - (-101 + 96))?
-14
What is the value of -6 + 0 - (-2 - -13 - 11 - -8)?
-14
Calculate (-13 - 80 - -73) + -1 + -1.
-22
(1 - -4 - -2) + -13 - -10
4
Evaluate 8 - (29 + (7 - 1) + (-33 - -32)).
-26
What is -28 + 3 + 7 - -2?
-16
What is (-148 - -161) + -5 + 0?
8
Evaluate (-29 - -33 - 22) + 14.
-4
What is the value of 4 + -9 - (0 + -6 + 7 + -8)?
2
Calculate -6 + (-11 - -25 - 14 - -1).
-5
-4 - (-12 + -16 - (-4 - -2)) - -4
26
-13 - ((-16 - -1) + -47 + 51)
-2
(-9 - -4 - 0) + 5
0
What is the value of 2 + 9 + (-14 - -24 - 33)?
-12
Evaluate 18 - ((6 - (-4 + 10)) + 3 - -3).
12
Calculate (-1250 - -1251) + (4 + -2 - -17).
20
11 + -10 - 22 - -4
-17
What is the value of 10 - (-1 + 6 - (-57 - -71))?
19
What is the value of 14 + (6 - 5) + -9?
6
What is the value of 20 - (1 + 15 + -11 + 4)?
11
Evaluate -11 - 0 - (-16 + (57 - 10) + -23).
-19
Calculate 27 + -22 + (10 - 5 - -3).
13
Evaluate -11 + -6 + -1 + (11 - (-13 - -22)).
-16
Evaluate -21 + (17 - 12) + 18.
2
Calculate -4 + -11 - -10 - (5 - 6).
-4
What is the value of 4 + -4 + -7 + 2 + -438 + 422?
-21
What is 10 + -25 + 14 + -12?
-13
Calculate (-10 + (-1 - -6) - -20) + -5.
10
What is 2 + -16 - (5 + 0 + (-11 - -6))?
-14
What is 83 + -79 - ((14 + 0 - -1) + 2)?
-13
Calculate (1 - 13) + (20 - (15 - 0) - 5).
-12
Evaluate 343 + -339 + (2 - -3).
9
Evaluate 19 + (1 - 24 - 3).
-7
What is (-1 - (-7 + 9)) + (22 - 30)?
-11
What is the value of 6 + -15 + (7 - 3) - -9?
4
What is the value of -26 + 3 + (-72 - -80)?
-15
What is -3 - (7 - 12) - -5 - 13?
-6
1 + -12 - (360 + -354 + 0 + -8)
-9
Evaluate 4 - (-29 - -34) - ((11 - -2) + 2).
-16
-103 + 91 + -7 + 2 + -13
-30
-5 - (1 + -23 + 25)
-8
What is the value of (-29 - -38 - (-3 - (3 - 2))) + -3?
10
Evaluate (-22 - (-28 + -22)) + -11.
17
Evaluate -1 + (4 - 1 - -4) + -30 + 9.
-15
What is 25 - (-8 - (-21 + 7) - 11)?
30
-35 + (25 - -46 - 28)
8
Evaluate 139 + -139 - (0 + 2) - 6.
-8
What is the value of 1 + -1 - (4 + 2) - (-110 - -94)?
10
What is -12 + 20 - ((13 - 7) + 0)?
2
What is the value of (18 - (20 + (-13 - -2))) + 1?
10
Calculate (1069 - 1040) + (-65 - 1).
-37
What is the value of 0 - (0 + (-14 - (13 - 36)))?
-9
Evaluate -2 - (15 - 11) - 8.
-14
-7 + 7 + (19 - 30 - -4)
-7
Evaluate -8 - -5 - -6 - (1 - 8).
10
What is the value of 2 - (0 + 11) - -4?
-5
Calculate 15 - 41 - -22 - (-2 + 2 + 2).
-6
What is -306 + 282 + (-1 - -13)?
-12
Calculate -7 + 3 + -9 + -4 + (-9 - -12).
-14
Calculate -1 + (13 - 3) + (-8 - -4) + 0.
5
(-7 + 3 - (-1 - 10)) + 2
9
Calculate 2 + 16 - (151 + -124).
-9
Calculate 9 + (1 - 5) + -1 - -4.
8
What is (52 - 32) + 5 + 1?
26
What is the value of -9 - -10 - (-3 - (2 - 2) - -15)?
-11
Calculate -16 - ((2 - 2) + 6 + -1).
-21
Evaluate (-10 - (0 + -1 - 10)) + 1 + 0.
2
Calculate -26 - (6 - 17 - ((9 - 23) + 7)).
-22
What is the value of -76 + 50 - (10 - 8)?
-28
(40 - 0) + (352 - 376)
16
Evaluate 0 + -33 - (-17 - -53 - 49).
-20
Calculate -20 + (4 - -3) - -3.
-10
What is the value of (-2 - -1 - 7) + -454 + 465 + 10?
13
Evaluate (-1 - (-5 + 7 + -1)) + 8 - 3.
3
Calculate -10 - ((7 - 7 - 28) + (-2 - -9)).
11
What is -3 - (1 - -11 - 15)?
0
Evaluate -24 + 2 + 4 + (-1 - -5).
-14
What is the value of 166 + -189 - (2 + 0 + 3) - 7?
-35
-29 + 7 + 3 + -2 + (-23 - -16)
-28
What is the value of -11 - (-7 + (-48 - -35))?
9
Calculate -13 + -24 + -103 + 121.
-19
What is -1 - (6 - 5 - ((25 - 7) + 5))?
21
-3 + -1 + 1 - (-10 + 1 + 11)
-5
Calculate -31 - (-35 + 17 + 1).
-14
What is 20 + (-18 - -7) - 17?
-8
Calculate -3 + -6 + (-2 - -10) + -2.
-3
3 + -2 + (3 - 1) + (-52 - -32)
-17
What is the value of 0 + (-13 - -19) + (-1 + -13 - 1)?
-9
Calculate -9 + 29 + (-19 - -6) + -17.
-10
Evaluate -14 + 33 - (-1 + (1 - 4 - -11)).
12
Evaluate (7 - (14 - 4)) + -8 + 16 - 9.
-4
What is -15 - (-16 + 13 - -3) - -18?
3
What is the value of 11 - (-2 - (-42 - -21))?
-8
What is 9 + -4 + -10 + 4 + -3 + 9?
5
What is the value of (-4 - (0 - 0)) + (10 - (-8 + 11))?
3
Calculate -7 + -1 - (-2 + 10 + (-82 - -67)).
-1
19 + -43 + (0 - -19) - (-27 - 1)
23
What is the value of -4 - -3 - (-2 - 6 - -11)?
-4
Calculate -65 + 61 - (2 - (-3 + (0 - -13))).
4
Calculate 13 + -25 - 13 - 0.
-25
-11 - -14 - (11 + 1)
-9
What is -35 + -9 + -9 + 25 + 3?
-25
Evaluate -17 + (6 - (20 + -19 + -3 + 8)).
-17
Calculate (0 - 16) + -2 + 0 + -65 + 64.
-19
What is the value of -5 - (-28 + (-2 - -7 - (-13 - -13)))?
18
Eva